{"id":15444,"date":"2025-03-07T14:33:30","date_gmt":"2025-03-07T12:33:30","guid":{"rendered":"https:\/\/baltic-lasers.eu\/?post_type=tribe_events&#038;p=15444"},"modified":"2025-04-16T08:49:56","modified_gmt":"2025-04-16T05:49:56","slug":"ispleskite-versla-su-endospferes","status":"publish","type":"tribe_events","link":"https:\/\/baltic-lasers.eu\/lt\/event\/ispleskite-versla-su-endospferes\/","title":{"rendered":"I\u0161pl\u0117skite versl\u0105 su Endospferes"},"content":{"rendered":"<p>[et_pb_section fb_built=&#8221;1&#8243; _builder_version=&#8221;4.26.0&#8243; _module_preset=&#8221;default&#8221; custom_padding=&#8221;0px||||false|false&#8221; global_colors_info=&#8221;{}&#8221;][et_pb_row _builder_version=&#8221;4.26.0&#8243; _module_preset=&#8221;default&#8221; width=&#8221;100%&#8221; custom_padding=&#8221;0px||0px||true|false&#8221; global_colors_info=&#8221;{}&#8221;][et_pb_column type=&#8221;4_4&#8243; _builder_version=&#8221;4.26.0&#8243; _module_preset=&#8221;default&#8221; global_colors_info=&#8221;{}&#8221;][et_pb_text _builder_version=&#8221;4.26.0&#8243; _module_preset=&#8221;default&#8221; global_colors_info=&#8221;{}&#8221;]<\/p>\n<h4>Vilnius<\/h4>\n<h3>Seminaras profesionalams<\/h3>\n<p>Prisijunkite prie m\u016bs\u0173 i\u0161skirtinio renginio, tam, kad pad\u0117tume jums pl\u0117sti versl\u0105, pasitelkiant paklausiausi\u0105 2025 m. gro\u017eio proced\u016br\u0105 \u2013 Endospheres!<\/p>\n<p>[\/et_pb_text][\/et_pb_column][\/et_pb_row][et_pb_row column_structure=&#8221;1_2,1_2&#8243; _builder_version=&#8221;4.26.0&#8243; _module_preset=&#8221;default&#8221; width=&#8221;100%&#8221; global_colors_info=&#8221;{}&#8221;][et_pb_column type=&#8221;1_2&#8243; _builder_version=&#8221;4.26.0&#8243; _module_preset=&#8221;default&#8221; global_colors_info=&#8221;{}&#8221;][et_pb_image src=&#8221;https:\/\/baltic-lasers.eu\/wp-content\/uploads\/2025\/01\/2.png&#8221; title_text=&#8221;2&#8243; _builder_version=&#8221;4.26.0&#8243; _module_preset=&#8221;default&#8221; global_colors_info=&#8221;{}&#8221;][\/et_pb_image][\/et_pb_column][et_pb_column type=&#8221;1_2&#8243; _builder_version=&#8221;4.26.0&#8243; _module_preset=&#8221;default&#8221; global_colors_info=&#8221;{}&#8221;][et_pb_text _builder_version=&#8221;4.26.0&#8243; _module_preset=&#8221;default&#8221; global_colors_info=&#8221;{}&#8221;]<\/p>\n<p><strong>Data:<\/strong> 2025 m. baland\u017eio 9 d. 14:00-18:00<br \/><strong>Vieta:<\/strong> Maserati salonas, \u202fKonstitucijos pr. 21B, Vilnius Lietuva<br \/><strong>Renginio kalba:<\/strong> angl\u0173, lietuvi\u0173<br \/><strong>Dalyvio mokestis:<\/strong> 25 EUR<\/p>\n<p>[\/et_pb_text][\/et_pb_column][\/et_pb_row][et_pb_row admin_label=&#8221;Row&#8221; _builder_version=&#8221;4.26.0&#8243; _module_preset=&#8221;default&#8221; width=&#8221;100%&#8221; global_colors_info=&#8221;{}&#8221;][et_pb_column type=&#8221;4_4&#8243; _builder_version=&#8221;4.26.0&#8243; _module_preset=&#8221;default&#8221; global_colors_info=&#8221;{}&#8221;][et_pb_text _builder_version=&#8221;4.26.0&#8243; _module_preset=&#8221;default&#8221; global_colors_info=&#8221;{}&#8221;]<\/p>\n<h3>Kod\u0117l verta dalyvauti?<\/h3>\n<p>&#x2705; Su\u017einokite apie mokslinius Endospheres prana\u0161umus i\u0161 geriausi\u0173 klinikini\u0173 specialist\u0173<br \/>&#x2705; I\u0161girskite klinikos TADA LUX savinink\u0117s J\u016brat\u0117s Tru\u010dilauskien\u0117s \u012f\u017evalgas remiantis realia verslo s\u0117km\u0117s istorija<br \/>&#x2705; Gaukite ekspertini\u0173 \u017eini\u0173 i\u0161 m\u016bs\u0173 ypatingos vie\u0161nios, profesor\u0117s dr. Sara Zecchetto (Italija), kuri yra pirmaujanti vidaus medicinos ir estetikos moksl\u0173 specialist\u0117.<br \/>&#x2705; Atraskite, kaip \u0161is gydymas pritraukia galutinius klientus ir didina salono peln\u0105<br \/>&#x2705; Susipa\u017einkite su pramon\u0117s lyderiais i\u0161 \u201eFenix Group\u201c ir su\u017einokite apie paskutines naujoves<\/p>\n<p>[\/et_pb_text][\/et_pb_column][\/et_pb_row][et_pb_row admin_label=&#8221;Row&#8221; _builder_version=&#8221;4.26.0&#8243; _module_preset=&#8221;default&#8221; width=&#8221;100%&#8221; global_colors_info=&#8221;{}&#8221;][et_pb_column type=&#8221;4_4&#8243; _builder_version=&#8221;4.26.0&#8243; _module_preset=&#8221;default&#8221; global_colors_info=&#8221;{}&#8221;][et_pb_toggle title=&#8221;Programa&#8221; open=&#8221;on&#8221; _builder_version=&#8221;4.26.0&#8243; _module_preset=&#8221;default&#8221; global_colors_info=&#8221;{}&#8221;]<\/p>\n<p>14.00 Registracija<\/p>\n<p>Pasim\u0117gaukite pasveikinimo g\u0117rimu ir i\u0161sirinkite viet\u0105 ar\u010diau scenos &#x1f60a;<\/p>\n<p>14.30 \u012evadas<\/p>\n<p>Kod\u0117l gro\u017eio centrai renkasi Baltic Lasers<\/p>\n<p>Prane\u0161\u0117ja: Lizabet Basarab, Baltic Lasers vykdomoji direktor\u0117 (Estija)<\/p>\n<p><strong>PREMIUM CARE SU ENDOSPHERES<\/strong><\/p>\n<p>14.40 Sveikinimo kalba<\/p>\n<p><strong>Auk\u0161\u010diausios kokyb\u0117s prie\u017ei\u016bra j\u016bs\u0173 klientams. Padidinkite savo paslaug\u0173 lyg\u012f ir spektr\u0105<\/strong><\/p>\n<p>Kod\u0117l Endospheres pritraukia galutinius klientus ir i\u0161siskiria i\u0161 rinkos<\/p>\n<p>Prane\u0161\u0117jas: Fabio Del Grosso, Fenix Group eksporto pl\u0117tros vadovas (Italija)<\/p>\n<p>15.00 <strong>Kompresin\u0117 mikrovibracija : poveikis audiniams. Proced\u016bros demonstravimas<\/strong><\/p>\n<p>Profesor\u0117 dr. Sara Zecchetto (Italija) i\u0161samiai papasakos apie patentuotos technologijos prana\u0161umus, atliktus klinikinius tyrimus, teigiam\u0105 endosfer\u0173 poveik\u012f organizmui.<\/p>\n<p>Prane\u0161\u0117ja: profesor\u0117 dr. Sara Zecchetto &#8211; vidaus lig\u0173 specialist\u0117, gyvyb\u0117s ir sveikatos moksl\u0173 daktar\u0117, estetin\u0117 gydytoja, medicinos kabineto Veronoje savinink\u0117<\/p>\n<p>16.00 Kavos pertrauk\u0117l\u0117<\/p>\n<p>M\u0117gaukit\u0117s lengvais u\u017ekand\u017eiais ir neformaliu bendravimu<\/p>\n<p><strong>ENDOSPHERES EVOLIUCIJA<\/strong><\/p>\n<p>16.40 <strong>Elektrin\u0117s miostimuliacijos ir suspaudimo derinys, siekiant ilgalaiki\u0173 rezultat\u0173 naudojant 3D kartos Endospheres!<\/strong><\/p>\n<p>Prane\u0161\u0117ja: Roberta Falcetta, FenixGroup klinikinio skyriaus vadov\u0117 (Italija)<\/p>\n<p>17.00 <strong>NAUJIENA! Endospheres SPA<\/strong><\/p>\n<p>\u201eExpress Course of Endospheres\u201c \u010dia ir dabar! Efektyvus ir patogus b\u016bdas J\u016bs\u0173 klientams m\u0117gautis Endospheres gydymo privalumais per trumpesn\u012f laik\u0105!<\/p>\n<p>Prane\u0161\u0117jas: Fabio Pompilio, prek\u0117s \u017eenklo Sphera Aesthetic Technologies \u201eFenix Group\u201c generalinis direktorius (Italija)<\/p>\n<p><strong>ENDOSPHERES FENOMENAS<\/strong><\/p>\n<p>17.10 <strong>Endospheres fenomenas: populiarumo paslaptis<\/strong><\/p>\n<p>J\u016brat\u0117s Tru\u010dilauskien\u0117s, TADA Lux klinikos savinink\u0117s, \u012f\u017evalgos apie s\u0117kming\u0105 Endospheres gydymo integravim\u0105 savo gro\u017eio centre Vilniuje.<\/p>\n<p>J\u016brat\u0117 Tru\u010dilauskien\u0117, TADA Lux klinikos savinink\u0117 (Lietuva)<\/p>\n<p>17.30 <strong>Pl\u0117skite savo versl\u0105 dabar<\/strong><\/p>\n<p>\u201eBaltic Lasers\u201c renginio sve\u010diams si\u016blo i\u0161skirtin\u0119 speciali\u0105 kain\u0105<\/p>\n<p>Lisabet Basarab, Baltic Lasers vykdomoji direktor\u0117 (Estija)<\/p>\n<p>17.40 Q\/A<\/p>\n<p>[\/et_pb_toggle][et_pb_text _builder_version=&#8221;4.26.0&#8243; _module_preset=&#8221;default&#8221; text_font=&#8221;|700|||||||&#8221; global_colors_info=&#8221;{}&#8221;]<\/p>\n<p>Renginys nesibaig\u0117! I\u0161bandykite gydym\u0105, susipa\u017einkite su TOP specialistais i\u0161 Italijos ir pabendraukite su Baltic Lasers atstovais. Likite su mumis ir i\u0161naudokite visas galimybes!<\/p>\n<p>[\/et_pb_text][\/et_pb_column][\/et_pb_row][\/et_pb_section]<\/p>\n","protected":false},"excerpt":{"rendered":"<p>Gerbiami verslo savininkai ir specialistai <\/p>\n<p>Prisijunkite prie m\u016bs\u0173 i\u0161skirtinio renginio, tam, kad pad\u0117tume jums pl\u0117sti versl\u0105, pasitelkiant paklausiausi\u0105 2025 m. gro\u017eio proced\u016br\u0105 \u2013 Endospheres!<\/p>\n","protected":false},"author":3,"featured_media":15164,"template":"","meta":{"_et_pb_use_builder":"on","_et_pb_old_content":"","_et_gb_content_width":"","_tribe_events_status":"","_tribe_events_status_reason":"","footnotes":""},"tags":[70,80],"tribe_events_cat":[86],"class_list":["post-15444","tribe_events","type-tribe_events","status-publish","has-post-thumbnail","hentry","tag-anglu","tag-lietuviu","tribe_events_cat-seminaras","cat_seminaras"],"_links":{"self":[{"href":"https:\/\/baltic-lasers.eu\/lt\/wp-json\/wp\/v2\/tribe_events\/15444","targetHints":{"allow":["GET"]}}],"collection":[{"href":"https:\/\/baltic-lasers.eu\/lt\/wp-json\/wp\/v2\/tribe_events"}],"about":[{"href":"https:\/\/baltic-lasers.eu\/lt\/wp-json\/wp\/v2\/types\/tribe_events"}],"author":[{"embeddable":true,"href":"https:\/\/baltic-lasers.eu\/lt\/wp-json\/wp\/v2\/users\/3"}],"version-history":[{"count":5,"href":"https:\/\/baltic-lasers.eu\/lt\/wp-json\/wp\/v2\/tribe_events\/15444\/revisions"}],"predecessor-version":[{"id":15850,"href":"https:\/\/baltic-lasers.eu\/lt\/wp-json\/wp\/v2\/tribe_events\/15444\/revisions\/15850"}],"wp:featuredmedia":[{"embeddable":true,"href":"https:\/\/baltic-lasers.eu\/lt\/wp-json\/wp\/v2\/media\/15164"}],"wp:attachment":[{"href":"https:\/\/baltic-lasers.eu\/lt\/wp-json\/wp\/v2\/media?parent=15444"}],"wp:term":[{"taxonomy":"post_tag","embeddable":true,"href":"https:\/\/baltic-lasers.eu\/lt\/wp-json\/wp\/v2\/tags?post=15444"},{"taxonomy":"tribe_events_cat","embeddable":true,"href":"https:\/\/baltic-lasers.eu\/lt\/wp-json\/wp\/v2\/tribe_events_cat?post=15444"}],"curies":[{"name":"wp","href":"https:\/\/api.w.org\/{rel}","templated":true}]}}

Išplėskite verslą su Endospferes

<p>[et_pb_section fb_built=&#8221;1&#8243; _builder_version=&#8221;4.26.0&#8243; _module_preset=&#8221;default&#8221; custom_padding=&#8221;0px||||false|false&#8221; global_colors_info=&#8221;{}&#8221;][et_pb_row _builder_version=&#8221;4.26.0&#8243; _module_preset=&#8221;default&#8221; width=&#8221;100%&#8221; custom_padding=&#8221;0px||0px||true|false&#8221; global_colors_info=&#8221;{}&#8221;][et_pb_column type=&#8221;4_4&#8243; _builder_version=&#8221;4.26.0&#8243; _module_preset=&#8221;default&#8221; global_colors_info=&#8221;{}&#8221;][et_pb_text _builder_version=&#8221;4.26.0&#8243; _module_preset=&#8221;default&#8221; global_colors_info=&#8221;{}&#8221;]</p>
<h4>Vilnius</h4>
<h3>Seminaras profesionalams</h3>
<p>Prisijunkite prie mūsų išskirtinio renginio, tam, kad padėtume jums plėsti verslą, pasitelkiant paklausiausią 2025 m. grožio procedūrą – Endospheres!</p>
<p>[/et_pb_text][/et_pb_column][/et_pb_row][et_pb_row column_structure=&#8221;1_2,1_2&#8243; _builder_version=&#8221;4.26.0&#8243; _module_preset=&#8221;default&#8221; width=&#8221;100%&#8221; global_colors_info=&#8221;{}&#8221;][et_pb_column type=&#8221;1_2&#8243; _builder_version=&#8221;4.26.0&#8243; _module_preset=&#8221;default&#8221; global_colors_info=&#8221;{}&#8221;][et_pb_image src=&#8221;https://baltic-lasers.eu/wp-content/uploads/2025/01/2.png&#8221; title_text=&#8221;2&#8243; _builder_version=&#8221;4.26.0&#8243; _module_preset=&#8221;default&#8221; global_colors_info=&#8221;{}&#8221;][/et_pb_image][/et_pb_column][et_pb_column type=&#8221;1_2&#8243; _builder_version=&#8221;4.26.0&#8243; _module_preset=&#8221;default&#8221; global_colors_info=&#8221;{}&#8221;][et_pb_text _builder_version=&#8221;4.26.0&#8243; _module_preset=&#8221;default&#8221; global_colors_info=&#8221;{}&#8221;]</p>
<p><strong>Data:</strong> 2025 m. balandžio 9 d. 14:00-18:00<br /><strong>Vieta:</strong> Maserati salonas,  Konstitucijos pr. 21B, Vilnius Lietuva<br /><strong>Renginio kalba:</strong> anglų, lietuvių<br /><strong>Dalyvio mokestis:</strong> 25 EUR</p>
<p>[/et_pb_text][/et_pb_column][/et_pb_row][et_pb_row admin_label=&#8221;Row&#8221; _builder_version=&#8221;4.26.0&#8243; _module_preset=&#8221;default&#8221; width=&#8221;100%&#8221; global_colors_info=&#8221;{}&#8221;][et_pb_column type=&#8221;4_4&#8243; _builder_version=&#8221;4.26.0&#8243; _module_preset=&#8221;default&#8221; global_colors_info=&#8221;{}&#8221;][et_pb_text _builder_version=&#8221;4.26.0&#8243; _module_preset=&#8221;default&#8221; global_colors_info=&#8221;{}&#8221;]</p>
<h3>Kodėl verta dalyvauti?</h3>
<p>&#x2705; Sužinokite apie mokslinius Endospheres pranašumus iš geriausių klinikinių specialistų<br />&#x2705; Išgirskite klinikos TADA LUX savininkės Jūratės Tručilauskienės įžvalgas remiantis realia verslo sėkmės istorija<br />&#x2705; Gaukite ekspertinių žinių iš mūsų ypatingos viešnios, profesorės dr. Sara Zecchetto (Italija), kuri yra pirmaujanti vidaus medicinos ir estetikos mokslų specialistė.<br />&#x2705; Atraskite, kaip šis gydymas pritraukia galutinius klientus ir didina salono pelną<br />&#x2705; Susipažinkite su pramonės lyderiais iš „Fenix Group“ ir sužinokite apie paskutines naujoves</p>
<p>[/et_pb_text][/et_pb_column][/et_pb_row][et_pb_row admin_label=&#8221;Row&#8221; _builder_version=&#8221;4.26.0&#8243; _module_preset=&#8221;default&#8221; width=&#8221;100%&#8221; global_colors_info=&#8221;{}&#8221;][et_pb_column type=&#8221;4_4&#8243; _builder_version=&#8221;4.26.0&#8243; _module_preset=&#8221;default&#8221; global_colors_info=&#8221;{}&#8221;][et_pb_toggle title=&#8221;Programa&#8221; open=&#8221;on&#8221; _builder_version=&#8221;4.26.0&#8243; _module_preset=&#8221;default&#8221; global_colors_info=&#8221;{}&#8221;]</p>
<p>14.00 Registracija</p>
<p>Pasimėgaukite pasveikinimo gėrimu ir išsirinkite vietą arčiau scenos &#x1f60a;</p>
<p>14.30 Įvadas</p>
<p>Kodėl grožio centrai renkasi Baltic Lasers</p>
<p>Pranešėja: Lizabet Basarab, Baltic Lasers vykdomoji direktorė (Estija)</p>
<p><strong>PREMIUM CARE SU ENDOSPHERES</strong></p>
<p>14.40 Sveikinimo kalba</p>
<p><strong>Aukščiausios kokybės priežiūra jūsų klientams. Padidinkite savo paslaugų lygį ir spektrą</strong></p>
<p>Kodėl Endospheres pritraukia galutinius klientus ir išsiskiria iš rinkos</p>
<p>Pranešėjas: Fabio Del Grosso, Fenix Group eksporto plėtros vadovas (Italija)</p>
<p>15.00 <strong>Kompresinė mikrovibracija : poveikis audiniams. Procedūros demonstravimas</strong></p>
<p>Profesorė dr. Sara Zecchetto (Italija) išsamiai papasakos apie patentuotos technologijos pranašumus, atliktus klinikinius tyrimus, teigiamą endosferų poveikį organizmui.</p>
<p>Pranešėja: profesorė dr. Sara Zecchetto &#8211; vidaus ligų specialistė, gyvybės ir sveikatos mokslų daktarė, estetinė gydytoja, medicinos kabineto Veronoje savininkė</p>
<p>16.00 Kavos pertraukėlė</p>
<p>Mėgaukitės lengvais užkandžiais ir neformaliu bendravimu</p>
<p><strong>ENDOSPHERES EVOLIUCIJA</strong></p>
<p>16.40 <strong>Elektrinės miostimuliacijos ir suspaudimo derinys, siekiant ilgalaikių rezultatų naudojant 3D kartos Endospheres!</strong></p>
<p>Pranešėja: Roberta Falcetta, FenixGroup klinikinio skyriaus vadovė (Italija)</p>
<p>17.00 <strong>NAUJIENA! Endospheres SPA</strong></p>
<p>„Express Course of Endospheres“ čia ir dabar! Efektyvus ir patogus būdas Jūsų klientams mėgautis Endospheres gydymo privalumais per trumpesnį laiką!</p>
<p>Pranešėjas: Fabio Pompilio, prekės ženklo Sphera Aesthetic Technologies „Fenix Group“ generalinis direktorius (Italija)</p>
<p><strong>ENDOSPHERES FENOMENAS</strong></p>
<p>17.10 <strong>Endospheres fenomenas: populiarumo paslaptis</strong></p>
<p>Jūratės Tručilauskienės, TADA Lux klinikos savininkės, įžvalgos apie sėkmingą Endospheres gydymo integravimą savo grožio centre Vilniuje.</p>
<p>Jūratė Tručilauskienė, TADA Lux klinikos savininkė (Lietuva)</p>
<p>17.30 <strong>Plėskite savo verslą dabar</strong></p>
<p>„Baltic Lasers“ renginio svečiams siūlo išskirtinę specialią kainą</p>
<p>Lisabet Basarab, Baltic Lasers vykdomoji direktorė (Estija)</p>
<p>17.40 Q/A</p>
<p>[/et_pb_toggle][et_pb_text _builder_version=&#8221;4.26.0&#8243; _module_preset=&#8221;default&#8221; text_font=&#8221;|700|||||||&#8221; global_colors_info=&#8221;{}&#8221;]</p>
<p>Renginys nesibaigė! Išbandykite gydymą, susipažinkite su TOP specialistais iš Italijos ir pabendraukite su Baltic Lasers atstovais. Likite su mumis ir išnaudokite visas galimybes!</p>
<p>[/et_pb_text][/et_pb_column][/et_pb_row][/et_pb_section]</p>

<p>Gerbiami verslo savininkai ir specialistai </p>
<p>Prisijunkite prie mūsų išskirtinio renginio, tam, kad padėtume jums plėsti verslą, pasitelkiant paklausiausią 2025 m. grožio procedūrą – Endospheres!</p>
